- 28, -3*f - 65 = -5*f - j. Let s(i) = 2*i - 38. What is the remainder when f is divided by s(29)?
13
Let z(g) = -10*g - 163. Let n be z(-15). Let o(v) = -v**3 - 11*v**2 - 36*v - 24. Calculate the remainder when o(n) is divided by 56.
54
Calculate the remainder when 153 is divided by (630/50 + -13)/(2/(-270)).
45
Let j(q) = q**3 + 17*q**2 + 15*q - 22. Suppose -32 = 2*h - 0. Let n be j(h). Let l(x) = x**2 + 5*x + 7. Calculate the remainder when l(n) is divided by 6.
1
Let r be -4 + (3 + -4 - -15). Let s be (174/9)/(r/15). Suppose 0 = -4*m + 3*j + 88, -4*j = -m + s + 6. Calculate the remainder when 37 is divided by m.
18
Calculate the remainder when 362 is divided by (-7 - 229/3)*(-9)/6.
112
Let c = 18 - 6. Suppose -4*f + 0*f = -5*u - 75, -f = -u - 18. Calculate the remainder when (-78)/(-4) + -4*f/(-40) is divided by c.
9
Let m = 18201 - 18135. Calculate the remainder when 347 is divided by m.
17
Let h(u) = 49*u**2 - 59*u + 310. Calculate the remainder when h(6) is divided by 161.
110
Let y(f) = 2*f**2 - 8*f + 642. What is the remainder when y(21) is divided by 675?
6
Let r = -1558 - -2030. What is the remainder when r is divided by 155?
7
Suppose -5*r - 3*u = -375, 0 = r + 4*r - 3*u - 375. Suppose 40*a - r*a + 1260 = 0. What is the remainder when a is divided by 17?
2
Let q = -294 - -270. Calculate the remainder when 163 is divided by -119*(q/42)/2.
27
Let k(d) = -27*d + 12. Let t be k(-4). Let m = t + -82. Calculate the remainder when m is divided by 29.
9
Let i = -34 + 199. Let d be (14/7)/(i/(-163) - -1). Let v = -107 - d. Calculate the remainder when v is divided by 29.
27
Let w = -40 - -28. Let d = w - -14. Suppose x = 4, -o - 5 = -d*x - 0. What is the remainder when 5 is divided by o?
2
Let p be -2 + 0 - (-3 + 0 + 6). Calculate the remainder when 244 is divided by ((-1)/(-2*p/(-620)))/1.
58
Suppose 0 = d + 3*u - 19, -2*u = -4*d + u + 46. Let m(p) = 3*p - 5. Let h be m(6). Let s(z) = 4*z - 29. What is the remainder when s(h) is divided by d?
10
Suppose 0 = 318*p - 24491 - 8899. What is the remainder when 9448 is divided by p?
103
Let l(j) = 46*j**3 + j**2. Let x = 3300 + -3116. Calculate the remainder when x is divided by l(1).
43
Let y = -4373 - -4405. What is the remainder when 52 is divided by y?
20
Let n = 27 + -34. Let m be (55/33)/((-2)/(n + 1)). What is the remainder when 10 is divided by 2/m*5*2?
2
Suppose 0 = -35*i - 14*i + 12*i + 1036. Calculate the remainder when i is divided by (-6 + 5)/((-2)/(2 - -26)).
0
Let g = 543 - 529. Let s be (12/(-4))/(6/(-4)). Suppose -12 = -s*j + g. What is the remainder when 48 is divided by j?
9
Let b = 28 - 21. Let i(o) = 5*o. Let v be i(b). Let r = v - 20. What is the remainder when r is divided by 6?
3
Let c(x) = x**3 + 31*x**2 + 20*x + 61. Let h = -142 + 112. What is the remainder when c(h) is divided by 73?
69
Let u be 4/(-26) + (-12904)/(-52). Suppose 93*m - 94*m = 153. Let x = m + u. Calculate the remainder when x is divided by 16.
15
Suppose -j - 2*i - 11 = 4*j, 5*j + 5 = -5*i. Suppose -c + 73 = -4*a, 377 = 4*c + 2*a + 31. Calculate the remainder when c is divided by (66/1)/j*(-8)/4.
41
Let s(x) = x**3 + 13 - 21*x**2 - 14 + 22*x + 27. What is the remainder when s(20) is divided by 9?
3
Suppose 4*m - 78 = -26. Suppose m*n - 44 = 73. Calculate the remainder when n is divided by 7.
2
Suppose -4*t - 38 = -2*r, -98*r + 99*r = -4*t + 13. Calculate the remainder when 139 is divided by r.
3
Suppose -4*s + i + 154 = 0, -10*s + 84 = -8*s + 3*i. Calculate the remainder when 362 is divided by s.
11
Suppose -b = 4*x - 2*x - 29, 3*b - 55 = 2*x. Let n(o) = -o + 6. Let c be (20/(-15))/(2/9). What is the remainder when b is divided by n(c)?
9
Suppose l + 5*h = 35, 4*l - 2*h = 28 + 2. Calculate the remainder when 204 is divided by l.
4
Suppose -5*w = -u - 4968, -3*u + 2201 - 6193 = -4*w. Calculate the remainder when w is divided by 212.
144
Let m = 1 + 1. Suppose 69 = m*c + c. Let z = -12535 - -12569. What is the remainder when z is divided by c?
11
Suppose r + 11 = 53. Let b = -39 + r. Suppose -5*k - 10 = -6*k. What is the remainder when k is divided by b?
1
Let a = 1250 + -1166. What is the remainder when 230 is divided by a?
62
Let n(c) = -c**2 - 42*c - 19. What is the remainder when 95 is divided by n(-41)?
7
Suppose -778*i - 8520 = -784*i. Calculate the remainder when i is divided by 206.
184
Suppose 3*p - 27*p + 684 + 1692 = 0. Calculate the remainder when 302 is divided by p.
5
Suppose -252*m = -230*m - 14454. What is the remainder when m is divided by 55?
52
Let q = 140 - 92. Calculate the remainder when ((3/(-12))/(-1))/((-2)/(-760)) is divided by q.
47
Suppose 0 = -3*y, 77 = -2*b + 2*y + 275. Calculate the remainder when b is divided by 2/(-40) - 58197/(-1140).
48
Let z(m) = -46*m - 3066. Calculate the remainder when 508 is divided by z(-72).
16
Suppose -i + 4*p + 27 = 0, -3*p - 46 = -2*i + 3. Let f = i + -19. What is the remainder when 15 is divided by f?
3
Let s be (2 + 3/(-2))/((-10)/(-60)). Let z(m) = 5*m**2 + 11*m - 7. Calculate the remainder when z(s) is divided by 3 - -13 - (-3 - -1).
17
Suppose 2*g - 25 + 7 = 0. Let r = g - -216. Suppose r = 8*a - 463. What is the remainder when a is divided by 23?
17
Suppose -2*h + 135 = 3*h + 4*i, -4*i = -20. Suppose 29294 + 27989 + 39509 = 111*z. Calculate the remainder when z is divided by h.
21
Let j be (-3)/(-12) + (-76)/(-16). Let f = 74 - j. What is the remainder when f is divided by 12?
9
Let q(u) = 14*u**3 - 19*u**2 + 19*u + 27. What is the remainder when 20078 is divided by q(3)?
290
Let d be (10/(-15))/((-14)/2289). Let m = d + 54. What is the remainder when m is divided by 83?
80
Suppose -127*g = 141*g - 276*g + 880. What is the remainder when g is divided by 56?
54
Let d(n) = 13*n**2 - n + 4. Let l be d(-4). Suppose -j = 2*j - l. Let v = -24337 - -24362. Calculate the remainder when j is divided by v.
22
Let j(p) = 2*p - 3*p**2 + 2*p + 7*p**2 + 15*p**2. Calculate the remainder when j(-1) is divided by 11.
4
Let r(d) = -2*d**3 + d**2 - d + 4. What is the remainder when r(-3) is divided by (6 + 40 - 7) + (-8 - -5)?
34
Suppose 4*u - 234 = -5*b + 3109, -3*b + 2508 = 3*u. What is the remainder when u is divided by 15?
12
Suppose -q + n = -140, 3*q - 9*n = -13*n + 462. What is the remainder when q is divided by 28?
6
Let k(v) = 2*v + 3. Let w = 388 + -349. Calculate the remainder when k(25) is divided by w.
14
Let o = -413 - -423. Calculate the remainder when 250 is divided by (-1)/((-4)/60)*14/o.
19
Let y(w) be the first derivative of w**4/4 - w**3/3 + 113*w + 282. What is the remainder when y(0) is divided by 42?
29
Let t be ((-3)/(-4))/((-15)/(-260)). Suppose -a - 13 = -h, 23 = 3*h - 4*a - t. What is the remainder when 446 is divided by h?
14
Suppose -z + 30 = d, 3*z - 8*z = -4*d - 177. Let h = z - -11. What is the remainder when h is divided by 874/(-69)*36/(-38)?
8
Let u(j) = -j**2 + 3*j + 318. Calculate the remainder when u(18) is divided by 25.
23
Suppose -3*h = 3*y - 93, -54*y + 51*y - 4*h + 93 = 0. What is the remainder when 148 is divided by y?
24
Let o(a) = a**2 - 168*a - 685. What is the remainder when 2009 is divided by o(-4)?
2
Calculate the remainder when 585 is divided by 74/(-7)*(3 + (25 - 35)).
67
Suppose -105*k - 434 = -6*b - 103*k, 0 = 5*b - 5*k - 365. Calculate the remainder when 310 is divided by b.
22
Suppose -x = -4*o + 539, 0 = 7*o + 9*x - 12*x - 937. What is the remainder when 515 is divided by o?
107
Let y(b) = -b**3 + 10*b**2 - 11*b + 290. Calculate the remainder when 897 is divided by y(11).
33
Let j be (-29 + 9)/(-2)*8/1. Suppose 7*b + 3*s = 10*b - 90, 2*s - j = -3*b. Suppose 2*v + 405 = 7*v. What is the remainder when v is divided by b?
25
Calculate the remainder when 3/(-48)*-8 - (56485/(-10))/11 is divided by 86.
84
Suppose 48 - 16 = 8*o. Suppose 0 = 2*c - 5*f - 45, -5*c + 120 = o*f - 9*f. Calculate the remainder when c is divided by 7.
4
Suppose -9443 = -94*i + 23*i. Calculate the remainder when i is divided by 15.
13
Calculate the remainder when 326 is divided by ((-3)/(-4))/((-6)/(-152)).
3
Suppose -48*l = -36*l - 2676. Suppose -413 = -2*n + l. What is the remainder when n is divided by 64?
62
Let g = 290 - 133. What is the remainder when g is divided by ((-152)/(-20) - (-16)/40)*4?
29
Let d be 72/2*-2*26/(-